 r(p) = p**2 - 2. Let s be r(-2). Suppose -5*u + 8 = -2*u + s*o, -2*u + 4*o = 0. What are the prime factors of u?
2
Let f(g) = 7*g - 2. Let i be f(2). List the prime factors of (-2)/i*4*-15.
2, 5
Let a(m) = 4*m - 4*m + 6*m - 2*m. Let r be a(6). Let d = r - 11. List the prime factors of d.
13
Suppose 3*k - 2*k = 2. Suppose 4*d - 5*s = 43, -s - 24 = k*d - 5*d. List the prime factors of d.
7
Let l(c) be the first derivative of c**3/3 + 2*c**2 - 2*c - 3. Let o be l(-5). List the prime factors of 12/(-8)*(-20)/o.
2, 5
Let f = 5 - 5. Let q be 18*(-1 + (f - -2)). Suppose 4*n - 4*u - 12 = 0, -5*u + 63 - q = 5*n. List the prime factors of n.
2, 3
Let l(d) = d - 3. Let h = 21 + -15. Let v be l(h). Suppose -2*q = -v*q + 13. What are the prime factors of q?
13
Let d(i) = -35*i**3 + 2*i**2 - 1. Let p be d(1). Let h = -20 - p. List the prime factors of h.
2, 7
Let k = -47 - -17. List the prime factors of (-4)/(-10) + (-78)/k.
3
Let x be ((-16)/(-24))/((-6)/(-9)). Suppose 6 - 3 = o. Suppose -11 - x = -o*w. What are the prime factors of w?
2
Suppose 0 = -5*q + v + 94, 0 = -5*q - 4*v - 16 + 90. Let h = q - 6. What are the prime factors of h?
2, 3
Let j = 5 + -2. Suppose 2*x - 5*y - 34 = -0*y, 9 = j*x + 3*y. What are the prime factors of x?
7
Let n be (-3)/(-12) + (-2)/8. Suppose -4*t - 5 + 13 = n. What are the prime factors of (7 - t)/(-2 + 3)?
5
Let s be (1 - -2) + 7 + 38. Let y = 73 - s. List the prime factors of y.
5
Suppose -3*k = p - 5, 0*k + 5*k - 35 = 5*p. Let f be 1/(-4) + (-13)/(-4). What are the prime factors of p/6 + 11/f?
3
Suppose -3*v - 5*d + 171 = v, v + d = 42. List the prime factors of v.
3, 13
Let q(f) = 2*f + 8. Let h be q(10). Suppose -5*r = n - h, -2*n + 20 = -2*r + 6*r. What are the prime factors of r?
2, 3
Suppose -5*i + 9*s - 4*s + 315 = 0, -i - 2*s + 72 = 0. Suppose 2*v - 5*a - 10 = 34, -4*v - a + i = 0. What are the prime factors of v?
17
Let b = 9 + -5. Let w = b + 9. List the prime factors of w.
13
Let w = -26 + 39. What are the prime factors of w?
13
Suppose 0 = 5*v, 2*v - 675 = -5*g - 2*v. List the prime factors of g.
3, 5
Suppose -4*q + 110 = -w, -2*q + 4*q = -4*w + 46. Let i be ((-3)/9)/(2/(-18)). Suppose 3*y = i*g - q, -3*y - y = g + 6. List the prime factors of g.
2, 3
Let y(b) be the third derivative of -7*b**4/12 - b**3/6 - b**2. What are the prime factors of y(-1)?
13
Suppose 2*r = 5*n - 1, -r + 3*n + 4 = 5*n. Let b(g) = r*g**2 + 8*g + 5*g**2 + g**3 - 3*g - 2. What are the prime factors of b(-6)?
2
Let b = 4 + 5. Suppose -26 + b = -n. List the prime factors of n.
17
Suppose -4*u + 3 = 7. Let t(y) = y - 2. Let l be t(5). Let i = l + u. What are the prime factors of i?
2
Let d = -139 + 297. List the prime factors of d.
2, 79
Suppose 2*s - 6 = -20. What are the prime factors of s*7/((-98)/36)?
2, 3
Suppose 3*n - n = 4. Let w be (1 - n)/(2 + -1). List the prime factors of 1/(w/(-1)) + 1.
2
Suppose 4*u - 120 = 2*n, -4*u = 4*n - n - 120. Suppose -z - 6 + u = 0. What are the prime factors of z?
2, 3
Suppose -5 = -4*y + 9*y + 4*m, 2*y + 4 = -2*m. What are the prime factors of 75/(-10)*(-2)/y?
5
Let s(r) = -r**3 + 3*r**2 + 1. Let f be s(3). What are the prime factors of (-9 + 5)/(f/(-1))?
2
Suppose -5*v = -93 + 33. Suppose 2*a = -2*a + v. List the prime factors of a.
3
Let x(d) = -d**3 + 6*d**2 - 2*d - 5. Let k(a) = 2*a**2 - 2*a + 1. Let y be 0 + (-1 + 3 - 0). Let j be k(y). What are the prime factors of x(j)?
2, 5
Suppose 5*d = 4*r - 51, -d - 10 = d + r. Let u = 6 - d. What are the prime factors of u?
13
Suppose -p = 5*u + 5 - 1, -4*p = 16. Suppose u = -2*t + 18 + 8. List the prime factors of t.
13
Let j = -8 + 2. Let z = j + 3. List the prime factors of (1 + 17)*z/(-9).
2, 3
Let t be 4 + -1*(-1 + 2). Let k be 0*(t - 15/6). Let c = 19 - k. What are the prime factors of c?
19
Let f = 6 - -12. List the prime factors of (-4)/f + (-92)/(-9).
2, 5
Let c(o) = -4*o**3 - 3*o**2 - o - 2. Let k be c(-2). Suppose -5*r + k = -35. What are the prime factors of r?
11
Let x(z) = -z**3 + 10*z**2 + 2*z - 2. Let a be x(10). List the prime factors of 3 - 1 - a/(-2).
11
Suppose -i + s = 0, 2*s = 2 - 0. Suppose -g - i + 15 = 0. What are the prime factors of g?
2, 7
Suppose 0 = 5*b - 5, -v + 12 = 5*b + 5. Suppose 2 + 6 = v*j. Suppose j*u = -3*q + q + 32, 25 = 3*u + 2*q. List the prime factors of u.
7
What are the prime factors of (-12)/(3/(-18)*4)?
2, 3
Suppose 6*n - n - 80 = 0. Suppose -6 = r - n. List the prime factors of r.
2, 5
Let m = 6 - 4. Suppose 0 = -m*n - n + 6. Suppose -f + 24 = n*f. List the prime factors of f.
2
Let g(n) = 48*n**2 - 5*n - 7. List the prime factors of g(-2).
3, 5, 13
Suppose 0 = b - 3*l - 20, -2*l - 91 = -4*b + 19. List the prime factors of b.
29
Let u(b) = 4*b**2 + b - 1. Let w be u(1). Suppose -w*o + 1 = -m - 1, -4 = 4*o - 4*m. Let d(s) = 3*s**3 + 1. List the prime factors of d(o).
2
Let i(t) = 3*t**3 + 1. Let a be i(-1). Let k be a/(-3) + (-260)/(-6). Let q = k + -30. List the prime factors of q.
2, 7
Suppose 47 = 2*w - 5. Let l = -14 + w. List the prime factors of l.
2, 3
Suppose -3*t + 44 = -46. List the prime factors of t.
2, 3, 5
Suppose 32 = -4*c + 5*p - 0*p, -4*p = 3*c - 7. Let l(w) = -6*w. Let y be l(c). List the prime factors of (y/(-4))/3*-4.
2, 3
Let i(z) be the first derivative of -z**3/3 - 11*z**2/2 - 6*z + 9. List the prime factors of i(-6).
2, 3
Suppose -19*q + 17*q + 64 = 0. What are the prime factors of q?
2
Suppose 72 = 4*l - l. Suppose t + t = l. List the prime factors of t.
2, 3
Suppose -513 = -f - 2*f. What are the prime factors of f?
3, 19
Suppose -4*o + 17 + 55 = 0. Suppose r - 2*r = -o. List the prime factors of r.
2, 3
Let v = -55 - -82. What are the prime factors of v?
3
Suppose 0 = -s + 3*s + 14. Let v = s + 8. List the prime factors of (v - 2)/(2/(-24)).
2, 3
Suppose 0*d - 5*d = -10. Let s(h) = -2*h**2 - 4*h - 10. Let o(m) = -m**2 - m - 3. Let u(c) = -10*o(c) + 3*s(c). List the prime factors of u(d).
2, 3
Let w = 0 - 3. Let l(u) = 9*u**2 + 1. Let i(x) = -8*x**2 - 1. Let s(r) = w*l(r) - 4*i(r). List the prime factors of s(2).
3, 7
Let y = 97 - 25. What are the prime factors of y?
2, 3
Let c be (-4 + 1)/(-1 + 0). Let u(v) = v**3 - 4*v**2 + 2*v - 4. Let j be u(c). Let f(x) = -2*x - 3. List the prime factors of f(j).
11
Let v(d) = d**3 - 7*d**2 - 9*d + 8. Let r = 29 - 21. Let n be v(r). Suppose n*g = -5*g + 50. What are the prime factors of g?
2, 5
Suppose -3*n = 2*u - 10, -2*n = -3*u + 3*n + 15. What are the prime factors of (-2 + u)/3*14?
2, 7
Let t(v) = 50*v**3 + v**2 + v - 1. What are the prime factors of t(1)?
3, 17
Let y = 75 - -4. What are the prime factors of y?
79
Let a = -2 + 1. What are the prime factors of 4*((-1 - a) + 2)?
2
Let x(u) = -2*u + u + 1 + 0*u. Let l be x(6). Let m(c) = c**2 + 2*c - 7. List the prime factors of m(l).
2
Let u(y) = -y**3 + 8*y**2 + 9*y - 1. Let p be u(9). Let b be p/6 - (-13)/6. Suppose -t + 5*c = 2*t - 57, 2*c = b*t - 34. What are the prime factors of t?
2, 7
Let d(s) = -s**3 - 3*s**2 - 4*s - 1. Let k be d(-3). Let v = k + 32. List the prime factors of v.
43
List the prime factors of (-3 - -30)*1/3.
3
Let a = -240 + 496. What are the prime factors of a?
2
Let x be (-4)/6 - (-52)/6. Let q(b) = b**2 - 7*b + 9. Let c be q(x). Let m = c + -3. What are the prime factors of m?
2, 7
Let l(t) = -t + 1. Let q be l(-2). List the prime factors of q/12 + (-118)/(-8).
3, 5
Let t(z) = -4*z**3 + z**2 - 1. Let j be t(-1). Let b = -9 + 5. List the prime factors of 14/j*b/(-2).
7
Let f = -3 + 1. What are the prime factors of (-55)/(-33) - f/6?
2
Let m(v) = v**2 + 5*v - 2. Suppose 18 = y - 4*y. Let n be m(y). Let h = n + -1. What are the prime factors of h?
3
Suppose -3*w + 0*w = 3*q - 3, 3*q - w + 1 = 0. Suppose -b + 4 + 9 = q. What are the prime factors of b?
13
Let s(y) = y**2 - 3*y - 4. List the prime factors of s(-7).
2, 3, 11
Suppose 7*f = 4*f + 114. List the prime factors of f.
2, 19
What are the prime factors of 45/(((-4)/20)/((-6)/10))?
3, 5
Let x = -1 - 1. Let u be 2/1*x/(-4). What are the prime factors of 4/(4/9)*u?
3
Let d(k) = k. Let l be d(5). Let g = 63 + -3. Suppose -l*f = -0*f - g. List the prime factors of f.
2, 3
Let f(s) = 49*s**2 + 3*s + 2. What are the prime factors of f(-1)?
2, 3
Suppose 0 = -2*z + 6, -2*w + 3*z = 25 + 74. Let h = w - -66. List the pr